{"id":261,"date":"2013-06-10T08:56:52","date_gmt":"2013-06-10T08:56:52","guid":{"rendered":"http:\/\/www.laimach.eu\/?page_id=261"},"modified":"2025-12-07T12:44:23","modified_gmt":"2025-12-07T12:44:23","slug":"prijsinformatie-2","status":"publish","type":"page","link":"https:\/\/laimach.eu\/de\/prijsinformatie-2\/","title":{"rendered":"Preisinfo"},"content":{"rendered":"<p><b><span style=\"text-decoration: underline;\">Preisinformationen<\/span><\/b><\/p>\n<p>Die Wohnung wird normal im Wochenrythmus vermietet. Anreise Samstagnachmittag ab 15.00 Uhr; Abreise \u00a0Samstagmorgen bis sp\u00e4testens 10.00 Uhr. \u00a0Alternative Perioden sind verhandelbar.<\/p>\n<p>Der Mietpreis ist abh\u00e4ngig von der Dauer des Aufenthalts und der Anzahl der Personen\u00a0\u00a0 (max. 4 Personen).<\/p>\n<p><span style=\"text-decoration: underline;\">Preise:<\/span><\/p>\n<p>Der Preis pro Woche in der Sommersaison, ab EUR 750<\/p>\n<p>Der Preis pro Woche in der Wintersaison, ab EUR 1.000<\/p>\n<p>Der H\u00f6chstpreis in der Hochsaison pro Woche im Sommer EUR 1.200, im Winter EUR 1.500<\/p>\n<p>F\u00fcr Bettw\u00e4sche und Endreinigung f\u00e4llt ein Pauschalbeitrag von EUR 135 an.<\/p>\n<p>Kurtaxe sind EUR 3,20 pro Person pro Nacht (Kinder &lt; 16 Jahren frei)<\/p>\n","protected":false},"excerpt":{"rendered":"<p>Preisinformationen Die Wohnung wird normal im Wochenrythmus vermietet. Anreise Samstagnachmittag ab 15.00 Uhr; Abreise \u00a0Samstagmorgen bis sp\u00e4testens 10.00 Uhr. \u00a0Alternative Perioden sind verhandelbar. Der Mietpreis ist abh\u00e4ngig von der Dauer des Aufenthalts und der Anzahl der Personen\u00a0\u00a0 (max. 4 Personen). Preise: Der Preis pro Woche in der Sommersaison, ab EUR 750 Der Preis pro Woche [&hellip;]<\/p>\n","protected":false},"author":2,"featured_media":19,"parent":0,"menu_order":0,"comment_status":"open","ping_status":"open","template":"","meta":{"footnotes":""},"class_list":["post-261","page","type-page","status-publish","has-post-thumbnail","hentry"],"yoast_head":"<!-- This site is optimized with the Yoast SEO plugin v27.5 - https:\/\/yoast.com\/product\/yoast-seo-wordpress\/ -->\n<title>Preisinfo - Ferienwohnung Geurts-Verstraaten<\/title>\n<meta name=\"robots\" content=\"index, follow, max-snippet:-1, max-image-preview:large, max-video-preview:-1\" \/>\n<link rel=\"canonical\" href=\"https:\/\/laimach.eu\/de\/prijsinformatie-2\/\" \/>\n<meta property=\"og:locale\" content=\"de_DE\" \/>\n<meta property=\"og:type\" content=\"article\" \/>\n<meta property=\"og:title\" content=\"Preisinfo - Ferienwohnung Geurts-Verstraaten\" \/>\n<meta property=\"og:description\" content=\"Preisinformationen Die Wohnung wird normal im Wochenrythmus vermietet. Anreise Samstagnachmittag ab 15.00 Uhr; Abreise \u00a0Samstagmorgen bis sp\u00e4testens 10.00 Uhr. \u00a0Alternative Perioden sind verhandelbar. Der Mietpreis ist abh\u00e4ngig von der Dauer des Aufenthalts und der Anzahl der Personen\u00a0\u00a0 (max. 4 Personen). Preise: Der Preis pro Woche in der Sommersaison, ab EUR 750 Der Preis pro Woche [&hellip;]\" \/>\n<meta property=\"og:url\" content=\"https:\/\/laimach.eu\/de\/prijsinformatie-2\/\" \/>\n<meta property=\"og:site_name\" content=\"Ferienwohnung Geurts-Verstraaten\" \/>\n<meta property=\"article:modified_time\" content=\"2025-12-07T12:44:23+00:00\" \/>\n<meta property=\"og:image\" content=\"https:\/\/laimach.eu\/wp-content\/uploads\/2013\/05\/Laimach-photo5.jpg\" \/>\n\t<meta property=\"og:image:width\" content=\"958\" \/>\n\t<meta property=\"og:image:height\" content=\"250\" \/>\n\t<meta property=\"og:image:type\" content=\"image\/jpeg\" \/>\n<meta name=\"twitter:label1\" content=\"Gesch\u00e4tzte Lesezeit\" \/>\n\t<meta name=\"twitter:data1\" content=\"1\u00a0Minute\" \/>\n<script type=\"application\/ld+json\" class=\"yoast-schema-graph\">{\"@context\":\"https:\\\/\\\/schema.org\",\"@graph\":[{\"@type\":\"WebPage\",\"@id\":\"https:\\\/\\\/laimach.eu\\\/de\\\/prijsinformatie-2\\\/\",\"url\":\"https:\\\/\\\/laimach.eu\\\/de\\\/prijsinformatie-2\\\/\",\"name\":\"Preisinfo - Ferienwohnung Geurts-Verstraaten\",\"isPartOf\":{\"@id\":\"https:\\\/\\\/laimach.eu\\\/#website\"},\"primaryImageOfPage\":{\"@id\":\"https:\\\/\\\/laimach.eu\\\/de\\\/prijsinformatie-2\\\/#primaryimage\"},\"image\":{\"@id\":\"https:\\\/\\\/laimach.eu\\\/de\\\/prijsinformatie-2\\\/#primaryimage\"},\"thumbnailUrl\":\"https:\\\/\\\/laimach.eu\\\/wp-content\\\/uploads\\\/2013\\\/05\\\/Laimach-photo5.jpg\",\"datePublished\":\"2013-06-10T08:56:52+00:00\",\"dateModified\":\"2025-12-07T12:44:23+00:00\",\"breadcrumb\":{\"@id\":\"https:\\\/\\\/laimach.eu\\\/de\\\/prijsinformatie-2\\\/#breadcrumb\"},\"inLanguage\":\"de\",\"potentialAction\":[{\"@type\":\"ReadAction\",\"target\":[\"https:\\\/\\\/laimach.eu\\\/de\\\/prijsinformatie-2\\\/\"]}]},{\"@type\":\"ImageObject\",\"inLanguage\":\"de\",\"@id\":\"https:\\\/\\\/laimach.eu\\\/de\\\/prijsinformatie-2\\\/#primaryimage\",\"url\":\"https:\\\/\\\/laimach.eu\\\/wp-content\\\/uploads\\\/2013\\\/05\\\/Laimach-photo5.jpg\",\"contentUrl\":\"https:\\\/\\\/laimach.eu\\\/wp-content\\\/uploads\\\/2013\\\/05\\\/Laimach-photo5.jpg\",\"width\":958,\"height\":250},{\"@type\":\"BreadcrumbList\",\"@id\":\"https:\\\/\\\/laimach.eu\\\/de\\\/prijsinformatie-2\\\/#breadcrumb\",\"itemListElement\":[{\"@type\":\"ListItem\",\"position\":1,\"name\":\"Home\",\"item\":\"https:\\\/\\\/laimach.eu\\\/de\\\/zomer-en-winter-appartement-in-zillertal-oostenrijk-2\\\/\"},{\"@type\":\"ListItem\",\"position\":2,\"name\":\"Preisinfo\"}]},{\"@type\":\"WebSite\",\"@id\":\"https:\\\/\\\/laimach.eu\\\/#website\",\"url\":\"https:\\\/\\\/laimach.eu\\\/\",\"name\":\"Ferienwohnung Geurts-Verstraaten\",\"description\":\"Sommer und Winter Wohnung im Zillertal, Tirol\",\"potentialAction\":[{\"@type\":\"SearchAction\",\"target\":{\"@type\":\"EntryPoint\",\"urlTemplate\":\"https:\\\/\\\/laimach.eu\\\/?s={search_term_string}\"},\"query-input\":{\"@type\":\"PropertyValueSpecification\",\"valueRequired\":true,\"valueName\":\"search_term_string\"}}],\"inLanguage\":\"de\"}]}<\/script>\n<!-- \/ Yoast SEO plugin. -->","yoast_head_json":{"title":"Preisinfo - Ferienwohnung Geurts-Verstraaten","robots":{"index":"index","follow":"follow","max-snippet":"max-snippet:-1","max-image-preview":"max-image-preview:large","max-video-preview":"max-video-preview:-1"},"canonical":"https:\/\/laimach.eu\/de\/prijsinformatie-2\/","og_locale":"de_DE","og_type":"article","og_title":"Preisinfo - Ferienwohnung Geurts-Verstraaten","og_description":"Preisinformationen Die Wohnung wird normal im Wochenrythmus vermietet. Anreise Samstagnachmittag ab 15.00 Uhr; Abreise \u00a0Samstagmorgen bis sp\u00e4testens 10.00 Uhr. \u00a0Alternative Perioden sind verhandelbar. Der Mietpreis ist abh\u00e4ngig von der Dauer des Aufenthalts und der Anzahl der Personen\u00a0\u00a0 (max. 4 Personen). Preise: Der Preis pro Woche in der Sommersaison, ab EUR 750 Der Preis pro Woche [&hellip;]","og_url":"https:\/\/laimach.eu\/de\/prijsinformatie-2\/","og_site_name":"Ferienwohnung Geurts-Verstraaten","article_modified_time":"2025-12-07T12:44:23+00:00","og_image":[{"width":958,"height":250,"url":"https:\/\/laimach.eu\/wp-content\/uploads\/2013\/05\/Laimach-photo5.jpg","type":"image\/jpeg"}],"twitter_misc":{"Gesch\u00e4tzte Lesezeit":"1\u00a0Minute"},"schema":{"@context":"https:\/\/schema.org","@graph":[{"@type":"WebPage","@id":"https:\/\/laimach.eu\/de\/prijsinformatie-2\/","url":"https:\/\/laimach.eu\/de\/prijsinformatie-2\/","name":"Preisinfo - Ferienwohnung Geurts-Verstraaten","isPartOf":{"@id":"https:\/\/laimach.eu\/#website"},"primaryImageOfPage":{"@id":"https:\/\/laimach.eu\/de\/prijsinformatie-2\/#primaryimage"},"image":{"@id":"https:\/\/laimach.eu\/de\/prijsinformatie-2\/#primaryimage"},"thumbnailUrl":"https:\/\/laimach.eu\/wp-content\/uploads\/2013\/05\/Laimach-photo5.jpg","datePublished":"2013-06-10T08:56:52+00:00","dateModified":"2025-12-07T12:44:23+00:00","breadcrumb":{"@id":"https:\/\/laimach.eu\/de\/prijsinformatie-2\/#breadcrumb"},"inLanguage":"de","potentialAction":[{"@type":"ReadAction","target":["https:\/\/laimach.eu\/de\/prijsinformatie-2\/"]}]},{"@type":"ImageObject","inLanguage":"de","@id":"https:\/\/laimach.eu\/de\/prijsinformatie-2\/#primaryimage","url":"https:\/\/laimach.eu\/wp-content\/uploads\/2013\/05\/Laimach-photo5.jpg","contentUrl":"https:\/\/laimach.eu\/wp-content\/uploads\/2013\/05\/Laimach-photo5.jpg","width":958,"height":250},{"@type":"BreadcrumbList","@id":"https:\/\/laimach.eu\/de\/prijsinformatie-2\/#breadcrumb","itemListElement":[{"@type":"ListItem","position":1,"name":"Home","item":"https:\/\/laimach.eu\/de\/zomer-en-winter-appartement-in-zillertal-oostenrijk-2\/"},{"@type":"ListItem","position":2,"name":"Preisinfo"}]},{"@type":"WebSite","@id":"https:\/\/laimach.eu\/#website","url":"https:\/\/laimach.eu\/","name":"Ferienwohnung Geurts-Verstraaten","description":"Sommer und Winter Wohnung im Zillertal, Tirol","potentialAction":[{"@type":"SearchAction","target":{"@type":"EntryPoint","urlTemplate":"https:\/\/laimach.eu\/?s={search_term_string}"},"query-input":{"@type":"PropertyValueSpecification","valueRequired":true,"valueName":"search_term_string"}}],"inLanguage":"de"}]}},"_links":{"self":[{"href":"https:\/\/laimach.eu\/de\/wp-json\/wp\/v2\/pages\/261","targetHints":{"allow":["GET"]}}],"collection":[{"href":"https:\/\/laimach.eu\/de\/wp-json\/wp\/v2\/pages"}],"about":[{"href":"https:\/\/laimach.eu\/de\/wp-json\/wp\/v2\/types\/page"}],"author":[{"embeddable":true,"href":"https:\/\/laimach.eu\/de\/wp-json\/wp\/v2\/users\/2"}],"replies":[{"embeddable":true,"href":"https:\/\/laimach.eu\/de\/wp-json\/wp\/v2\/comments?post=261"}],"version-history":[{"count":16,"href":"https:\/\/laimach.eu\/de\/wp-json\/wp\/v2\/pages\/261\/revisions"}],"predecessor-version":[{"id":1034,"href":"https:\/\/laimach.eu\/de\/wp-json\/wp\/v2\/pages\/261\/revisions\/1034"}],"wp:featuredmedia":[{"embeddable":true,"href":"https:\/\/laimach.eu\/de\/wp-json\/wp\/v2\/media\/19"}],"wp:attachment":[{"href":"https:\/\/laimach.eu\/de\/wp-json\/wp\/v2\/media?parent=261"}],"curies":[{"name":"wp","href":"https:\/\/api.w.org\/{rel}","templated":true}]}}

<p><b><span style="text-decoration: underline;">Preisinformationen</span></b></p>
<p>Die Wohnung wird normal im Wochenrythmus vermietet. Anreise Samstagnachmittag ab 15.00 Uhr; Abreise  Samstagmorgen bis spätestens 10.00 Uhr.  Alternative Perioden sind verhandelbar.</p>
<p>Der Mietpreis ist abhängig von der Dauer des Aufenthalts und der Anzahl der Personen   (max. 4 Personen).</p>
<p><span style="text-decoration: underline;">Preise:</span></p>
<p>Der Preis pro Woche in der Sommersaison, ab EUR 750</p>
<p>Der Preis pro Woche in der Wintersaison, ab EUR 1.000</p>
<p>Der Höchstpreis in der Hochsaison pro Woche im Sommer EUR 1.200, im Winter EUR 1.500</p>
<p>Für Bettwäsche und Endreinigung fällt ein Pauschalbeitrag von EUR 135 an.</p>
<p>Kurtaxe sind EUR 3,20 pro Person pro Nacht (Kinder &lt; 16 Jahren frei)</p>

<p>Preisinformationen Die Wohnung wird normal im Wochenrythmus vermietet. Anreise Samstagnachmittag ab 15.00 Uhr; Abreise  Samstagmorgen bis spätestens 10.00 Uhr.  Alternative Perioden sind verhandelbar. Der Mietpreis ist abhängig von der Dauer des Aufenthalts und der Anzahl der Personen   (max. 4 Personen). Preise: Der Preis pro Woche in der Sommersaison, ab EUR 750 Der Preis pro Woche [&hellip;]</p>

<!-- This site is optimized with the Yoast SEO plugin v27.5 - https://yoast.com/product/yoast-seo-wordpress/ -->
<title>Preisinfo - Ferienwohnung Geurts-Verstraaten</title>
<meta name="robots" content="index, follow, max-snippet:-1, max-image-preview:large, max-video-preview:-1" />
<link rel="canonical" href="https://laimach.eu/de/prijsinformatie-2/" />
<meta property="og:locale" content="de_DE" />
<meta property="og:type" content="article" />
<meta property="og:title" content="Preisinfo - Ferienwohnung Geurts-Verstraaten" />
<meta property="og:description" content="Preisinformationen Die Wohnung wird normal im Wochenrythmus vermietet. Anreise Samstagnachmittag ab 15.00 Uhr; Abreise  Samstagmorgen bis spätestens 10.00 Uhr.  Alternative Perioden sind verhandelbar. Der Mietpreis ist abhängig von der Dauer des Aufenthalts und der Anzahl der Personen   (max. 4 Personen). Preise: Der Preis pro Woche in der Sommersaison, ab EUR 750 Der Preis pro Woche [&hellip;]" />
<meta property="og:url" content="https://laimach.eu/de/prijsinformatie-2/" />
<meta property="og:site_name" content="Ferienwohnung Geurts-Verstraaten" />
<meta property="article:modified_time" content="2025-12-07T12:44:23+00:00" />
<meta property="og:image" content="https://laimach.eu/wp-content/uploads/2013/05/Laimach-photo5.jpg" />
	<meta property="og:image:width" content="958" />
	<meta property="og:image:height" content="250" />
	<meta property="og:image:type" content="image/jpeg" />
<meta name="twitter:label1" content="Geschätzte Lesezeit" />
	<meta name="twitter:data1" content="1 Minute" />
<script type="application/ld+json" class="yoast-schema-graph">{"@context":"https:\/\/schema.org","@graph":[{"@type":"WebPage","@id":"https:\/\/laimach.eu\/de\/prijsinformatie-2\/","url":"https:\/\/laimach.eu\/de\/prijsinformatie-2\/","name":"Preisinfo - Ferienwohnung Geurts-Verstraaten","isPartOf":{"@id":"https:\/\/laimach.eu\/#website"},"primaryImageOfPage":{"@id":"https:\/\/laimach.eu\/de\/prijsinformatie-2\/#primaryimage"},"image":{"@id":"https:\/\/laimach.eu\/de\/prijsinformatie-2\/#primaryimage"},"thumbnailUrl":"https:\/\/laimach.eu\/wp-content\/uploads\/2013\/05\/Laimach-photo5.jpg","datePublished":"2013-06-10T08:56:52+00:00","dateModified":"2025-12-07T12:44:23+00:00","breadcrumb":{"@id":"https:\/\/laimach.eu\/de\/prijsinformatie-2\/#breadcrumb"},"inLanguage":"de","potentialAction":[{"@type":"ReadAction","target":["https:\/\/laimach.eu\/de\/prijsinformatie-2\/"]}]},{"@type":"ImageObject","inLanguage":"de","@id":"https:\/\/laimach.eu\/de\/prijsinformatie-2\/#primaryimage","url":"https:\/\/laimach.eu\/wp-content\/uploads\/2013\/05\/Laimach-photo5.jpg","contentUrl":"https:\/\/laimach.eu\/wp-content\/uploads\/2013\/05\/Laimach-photo5.jpg","width":958,"height":250},{"@type":"BreadcrumbList","@id":"https:\/\/laimach.eu\/de\/prijsinformatie-2\/#breadcrumb","itemListElement":[{"@type":"ListItem","position":1,"name":"Home","item":"https:\/\/laimach.eu\/de\/zomer-en-winter-appartement-in-zillertal-oostenrijk-2\/"},{"@type":"ListItem","position":2,"name":"Preisinfo"}]},{"@type":"WebSite","@id":"https:\/\/laimach.eu\/#website","url":"https:\/\/laimach.eu\/","name":"Ferienwohnung Geurts-Verstraaten","description":"Sommer und Winter Wohnung im Zillertal, Tirol","potentialAction":[{"@type":"SearchAction","target":{"@type":"EntryPoint","urlTemplate":"https:\/\/laimach.eu\/?s={search_term_string}"},"query-input":{"@type":"PropertyValueSpecification","valueRequired":true,"valueName":"search_term_string"}}],"inLanguage":"de"}]}</script>
<!-- / Yoast SEO plugin. -->

Preisinformationen Die Wohnung wird normal im Wochenrythmus vermietet. Anreise Samstagnachmittag ab 15.00 Uhr; Abreise  Samstagmorgen bis spätestens 10.00 Uhr.  Alternative Perioden sind verhandelbar. Der Mietpreis ist abhängig von der Dauer des Aufenthalts und der Anzahl der Personen   (max. 4 Personen). Preise: Der Preis pro Woche in der Sommersaison, ab EUR 750 Der Preis pro Woche [&hellip;]
